{"id":168,"date":"2021-06-01T15:05:28","date_gmt":"2021-06-01T13:05:28","guid":{"rendered":"https:\/\/clarango.fr\/?page_id=168"},"modified":"2021-06-06T22:46:32","modified_gmt":"2021-06-06T20:46:32","slug":"galerie","status":"publish","type":"page","link":"https:\/\/clarango.fr\/index.php\/galerie\/","title":{"rendered":"Galerie"},"content":{"rendered":"\n<p>Je vous propose ici une s\u00e9rie de dessins r\u00e9alis\u00e9s sur I Pad<\/p>\n\n\n\n<p><a href=\"https:\/\/spark.adobe.com\/page\/RxbLTnGVUlfdw\/\">https:\/\/spark.adobe.com\/page\/RxbLTnGVUlfdw\/<\/a><\/p>\n\n\n\n<p>Si vous les appr\u00e9ciez je peux vous faire des tirages sur commande<\/p>\n\n\n\n<p>Exemple:<\/p>\n\n\n\n<p> Support Aluminium Dibond (avec ch\u00e2ssis)<\/p>\n\n\n\n<p>Papier Hahnem\u00fchle Fine Art Baryta 325g<\/p>\n\n\n\n<p>Format: 40&#215;40 cm<\/p>\n\n\n\n<p>Total 73.40\u00a0\u20ac\u00a0<sup>TTC<\/sup><\/p>\n\n\n\n<p>+ prix du dessin :   300 \u20ac \u00e0 500 \u20ac<\/p>\n\n\n\n<p>Tirages limit\u00e9s num\u00e9rot\u00e9s<\/p>\n\n\n\n<figure class=\"wp-block-table\"><table><tbody><tr><td>Formats Carr\u00e9<\/td><td>15&#215;15 cm<\/td><td>20x20cm<\/td><td>30x30cm<\/td><td>40x40cm<\/td><\/tr><\/tbody><\/table><figcaption>formats tirages photo professionnelle<\/figcaption><\/figure>\n","protected":false},"excerpt":{"rendered":"<p>Je vous propose ici une s\u00e9rie de dessins r\u00e9alis\u00e9s sur I Pad https:\/\/spark.adobe.com\/page\/RxbLTnGVUlfdw\/ Si vous les appr\u00e9ciez je peux vous faire des tirages sur commande Exemple: Support Aluminium Dibond (avec ch\u00e2ssis) Papier Hahnem\u00fchle Fine Art Baryta 325g Format: 40&#215;40 cm Total 73.40\u00a0\u20ac\u00a0TTC + prix du dessin : 300 \u20ac \u00e0 500 \u20ac Tirages limit\u00e9s num\u00e9rot\u00e9s&#8230; <\/p>\n<div class=\"read-more\"><a href=\"https:\/\/clarango.fr\/index.php\/galerie\/\">Lire la suite<\/a><\/div>\n","protected":false},"author":1,"featured_media":0,"parent":0,"menu_order":0,"comment_status":"closed","ping_status":"closed","template":"page-templates\/full-width.php","meta":{"footnotes":""},"class_list":["post-168","page","type-page","status-publish","hentry"],"_links":{"self":[{"href":"https:\/\/clarango.fr\/index.php\/wp-json\/wp\/v2\/pages\/168","targetHints":{"allow":["GET"]}}],"collection":[{"href":"https:\/\/clarango.fr\/index.php\/wp-json\/wp\/v2\/pages"}],"about":[{"href":"https:\/\/clarango.fr\/index.php\/wp-json\/wp\/v2\/types\/page"}],"author":[{"embeddable":true,"href":"https:\/\/clarango.fr\/index.php\/wp-json\/wp\/v2\/users\/1"}],"replies":[{"embeddable":true,"href":"https:\/\/clarango.fr\/index.php\/wp-json\/wp\/v2\/comments?post=168"}],"version-history":[{"count":8,"href":"https:\/\/clarango.fr\/index.php\/wp-json\/wp\/v2\/pages\/168\/revisions"}],"predecessor-version":[{"id":304,"href":"https:\/\/clarango.fr\/index.php\/wp-json\/wp\/v2\/pages\/168\/revisions\/304"}],"wp:attachment":[{"href":"https:\/\/clarango.fr\/index.php\/wp-json\/wp\/v2\/media?parent=168"}],"curies":[{"name":"wp","href":"https:\/\/api.w.org\/{rel}","templated":true}]}}